(q) = 19*q**2 - 2*q - 1. Let v be (-1 - 2/(-4))*2. What is the tens digit of c(v)?
2
Let v be 4/(-6)*(-2 - 4). Suppose w + w - 88 = 4*g, 3*w = v*g + 122. What is the tens digit of w?
3
Let d(q) be the first derivative of 10*q**3/3 + q - 4. What is the units digit of d(-1)?
1
Let j = -35 + 46. What is the units digit of j?
1
Let j(r) = -8*r**3 - r**2 + 2*r + 8. What is the tens digit of j(-2)?
6
What is the tens digit of (-6)/10 + (-232)/(-20)?
1
Suppose 0 = -3*j + 13 - 4. Suppose 5*w - h - 150 = 4*h, -4*h - 91 = -j*w. What is the tens digit of w?
2
Suppose 0 = q + 16. What is the units digit of (-9*1)/(12/q)?
2
Suppose 0*w - 8 = -w. Suppose 3 = -p + w. Let u = p - 2. What is the units digit of u?
3
Suppose -2*t = -4*n + 2, -2*t + 11 = n - 2. Suppose 18 = -6*h + n*h. Let c = 10 + h. What is the units digit of c?
4
Let d be (-75)/20 - (-1)/(-4). What is the tens digit of (-14)/d*308/49?
2
Suppose 0 = -3*y + j + 4 - 11, -3*y - 2*j = -5. What is the units digit of (y/((-1)/5))/1?
5
Let h = 173 - 77. What is the units digit of h?
6
Let p(b) = 8*b + 3. What is the tens digit of p(5)?
4
Let i be 14/(-21) - 16/(-6). Let w(z) = 2*z - 5. Let h be w(4). Suppose h*k - i*o - 32 = 0, 51 = k + 4*k - o. What is the tens digit of k?
1
Let d = 205 - 62. Suppose -11 + d = 4*s. What is the tens digit of s?
3
Let g = 23 - 32. Let p be 2/(-9) + (-47)/g. Let r = p - 4. What is the units digit of r?
1
Let m = -37 + 63. Suppose -h = -4*u + 62, 0 = 2*u - 2*h - m - 8. What is the tens digit of u?
1
What is the tens digit of (-270)/(-20)*8/6?
1
Let o(i) = 10 + i + 4 - 3. What is the units digit of o(15)?
6
Let n = 6 - 4. Suppose n*r - 6*r = 0. Suppose r = -x + 4*k + 15, -x = 3*x - 2*k - 32. What is the units digit of x?
7
Let n(r) = -4*r + 3. Let j(u) = -u**2 + 2*u + 2. Let k be j(4). What is the units digit of n(k)?
7
Let v be 10/(-4) - 1/(-2). What is the tens digit of (-1)/(v - (-45)/23)?
2
Suppose 0 = z - 20 - 7. What is the tens digit of z?
2
Suppose c + 5 = -0, -l - 2*c - 10 = 0. Suppose l*g + g = 28. What is the units digit of g/3 - (-3)/(-9)?
9
What is the units digit of (-3)/((-12)/178)*2?
9
Let k be 0 + 2 + (53 - 2). Let f = k + -31. What is the units digit of f?
2
Let n = 27 - 15. Let c be 110/7 + n/42. Suppose 11 = 3*m - c. What is the units digit of m?
9
Suppose -j + 6*j = 0. Suppose 3*h - t + 3*t - 18 = j, 4*h = -5*t + 17. What is the units digit of h?
8
Let c be ((-3)/6)/(-1)*-2. What is the tens digit of c/(-5) - (-49)/5?
1
Let b be (9/(-6))/(3/(-4)). Suppose -15 - b = -2*n + 3*m, 3*m = -5*n + 11. What is the units digit of n?
4
Let i(u) = -3*u. Let r be i(-1). Let q(t) = t**r + 14 + 5*t - 4*t - 5. What is the units digit of q(0)?
9
What is the units digit of (1 - 0) + (-3 - -7)?
5
Suppose -5*d + 2 + 53 = 0. Suppose -2*f + 5*w = -d, -f + 2*w = -3*f + 18. What is the units digit of f?
8
Let t(v) = v**2 + v. Let n be t(-6). Suppose -6*g = -d - g + n, -2*g = 5*d - 42. What is the units digit of d?
0
Suppose 26 - 180 = -2*n. Let j = n - 47. What is the tens digit of j?
3
Suppose 32 = -q - 30. What is the units digit of (-1)/(-4) + q/(-8)?
8
Suppose 12 = -2*a + 100. Suppose 2*g - 4*n - a - 30 = 0, -5*g = 3*n - 172. What is the units digit of g?
5
Let n = -6 + 11. Suppose -u + 6 = -n. Suppose 0 = -2*m + m + u. What is the tens digit of m?
1
Suppose -10*n = -791 - 1179. What is the tens digit of n?
9
Suppose 2*t - l + 10 = 4*l, -5*l - 5 = -5*t. Let z(a) = a**2 - 4*a. What is the units digit of z(t)?
5
What is the units digit of 4/(4/27)*3?
1
Suppose -528 + 30 = -3*m. What is the units digit of m?
6
Let u(s) = 8*s**2. Let y be u(5). Suppose y = 5*k + 55. What is the units digit of k?
9
Let b(d) = d**2 + 2*d + 2. Let p be b(-1). Let n(w) = 32*w**2. What is the units digit of n(p)?
2
Suppose 2*j + 0*j = 6. Suppose -2*p - 2*z + 5*z - 17 = 0, z - 9 = 4*p. What is the units digit of 6/j - (2 + p)?
1
Suppose -4*g + 8 = 2*p, 5*g - 4*p - 31 - 5 = 0. Suppose 0*t - t + 2*k - 21 = 0, 0 = -5*t - g*k - 63. Let o = t - -30. What is the tens digit of o?
1
Let h(y) = -y**2 + 5*y + 6. Let w be h(5). Suppose -5 = t - w. Let g = t - -5. What is the units digit of g?
6
Let l(a) = -3*a**2 - 9. Let h(n) be the first derivative of n**3/3 + n**2/2 + n - 3. Let g(c) = 5*h(c) + l(c). What is the units digit of g(-4)?
8
Let q = 15 + -9. Suppose 49 = -q*s + 7*s. What is the units digit of s?
9
Let o be (-1)/(((-5)/(-4))/5). Let k(x) = -3 - 3*x + 5 + x + 0. What is the units digit of k(o)?
0
Let x(y) = -8 - 4*y**2 - y**3 + 2*y - y**2 + 2*y. Let f = 1 - 7. What is the units digit of x(f)?
4
Let h(d) = -2*d - 2. Let q be h(-3). Suppose -u + 3*u + 5*x - 20 = 0, -5 = u - 5*x. What is the units digit of (6/q)/(u/10)?
3
Let w(h) = -h**3 - 6*h**2 - 2*h - 6. Let y be w(-6). What is the units digit of (-16)/(-10) + y/15?
2
Let w(u) = u**2 + 2*u + 3. Let i(v) = 2*v**2 + 3*v + 6. Let y(g) = 3*i(g) - 5*w(g). Let n be -1 - 1/(2/(-8)). What is the units digit of y(n)?
9
Suppose 0 = -u + 1 + 2. Suppose 0 = -2*d + 3*d + u. What is the units digit of 2/d + (-104)/(-12)?
8
Suppose 5*r - 12 = 4*r - k, -25 = -5*k. Let v = 17 - r. Suppose x = v - 1. What is the units digit of x?
9
Let r be -2*(3 - 10/2). Suppose -d - r*n = -7 - 7, -3*d - 2*n = -32. Suppose -a + d + 5 = 0. What is the units digit of a?
5
Suppose -9 = -3*o - 30. What is the units digit of 150/14 - 2/o?
1
Suppose 0*a = -4*a + 860. What is the tens digit of a?
1
Let c = 16 + -12. Suppose 2 - 18 = -4*a, -15 = -3*u - 3*a. Suppose 5 = c*g + u. What is the units digit of g?
1
Let p = 21 - 18. What is the units digit of p?
3
Suppose -i - 2*f + 0 = -6, 36 = -4*i + 4*f. Let h = 8 + i. Let q = 5 - h. What is the units digit of q?
1
Let n(z) = -z**2 + 11*z - 2. What is the units digit of n(9)?
6
Let v be (8/6)/(2/3). Suppose v*c + 0*c = 0. Suppose -5*t - j = -24, -t + j = -c*j. What is the units digit of t?
4
Let p = -149 + 162. Let s be 19*-1*(0 - 1). Suppose -3*a = 4*q + p, -a - s = 5*q - 0. What is the units digit of a?
1
Suppose 5*c - 5*f - 175 = 0, 63 + 40 = 3*c - 2*f. What is the tens digit of c?
3
Suppose -4*m - 4*c + 12 = 0, m - 4 = -5*c - 1. Suppose -m*g = -13 - 2. What is the units digit of g?
5
Let x = -195 - -363. What is the hundreds digit of x?
1
What is the tens digit of (-1)/7 + (-3553)/(-77)?
4
Let w = -8 - -14. Let u be 5 + 0 - 2/1. What is the units digit of u/w + (-5)/(-2)?
3
Suppose 4*h - 95 = 181. What is the tens digit of h?
6
Suppose -2*z + 70 = 3*z. Suppose -q = -c + 4*q - z, -c + 4*q = 10. What is the units digit of 6/(-4) - (-117)/c?
8
Let g = 247 + -125. What is the hundreds digit of g?
1
Let t = -338 + 642. What is the tens digit of t?
0
Let p(t) = 4*t**2 + 1. Let s be p(-1). Let l(w) = 7 - 3*w**2 + s*w - w + 4*w**2 + 0*w**2. What is the units digit of l(-5)?
2
Suppose 5*a + 157 = -23. What is the units digit of (3/2)/(a/(-768))?
2
Let z(q) = q + 4. Let n be z(-8). Let w = 6 + n. Suppose -w*b - 2*x + 12 = 3*b, 5*x = 2*b + 1. What is the units digit of b?
2
Let y(m) be the first derivative of m**5/20 + 7*m**4/12 - m**3/2 - 5*m**2 - 2*m - 3. Let q(s) be the first derivative of y(s). What is the units digit of q(-7)?
1
What is the tens digit of (75 - (0 + 1))*(-16 - -17)?
7
Let o(r) = r**2 + 10 - 3*r + 0*r - 13. Let s(p) = p. Let f be s(5). What is the units digit of o(f)?
7
Let m(z) = -16*z - 1. Suppose 28 = 2*l + 2*l. Let u(c) = -c**3 + 7*c**2 - 1. Let v be u(l). What is the tens digit of m(v)?
1
Let i = 4 + -1. Suppose 6 + i = 2*h - 3*w, 3*w + 9 = -h. What is the units digit of -1 - -1*(h - -11)?
0
Suppose -5*x + 1732 = 4*o, 0 = -5*x + 3*o + 676 + 1035. What is the tens digit of x?
4
Let k(g) = -9*g. What is the tens digit of k(-4)?
3
Let q be (-166)/(-8) + 2/8. Let n be ((-2)/(-1))/(3/q). Let x = n + -9. What is the units digit of x?
5
Suppose -4*x + 8 = -0*x. Let l be (x/4)/((-4)/(-24)). Suppose -3*w + 1 = -5*s, 3*s - l - 9 = 0. What is the units digit of w?
7
What is the units digit of 510/20 + (-2)/4?
5
Let s = -68 + 202. What is the units digit of s?
4
Let v(q) = -q**3 + 9*q**2 - 8. What is the units digit of v(7)?
0
Let m = -11 - -26. Suppose -4*a + 5 = -m. Suppose -a*t + 35 = 4*s, 0 = -2*t - s + 6 + 8. What is the units digit of t?
7
Let f(d) = 3*d**2 + 2*d + 1. Let c(i) = i**3 + 5*i**2 + 3*i - 3. Let o be c(-4). Let 